pose -2*l = -m*l - 4*r - 20, l = -5*r - 13. Let h = l + 58. Calculate the highest common factor of h and 11.
11
Let r be ((-272)/(-170))/(16/60) - -17*2. Calculate the greatest common divisor of r and 244.
4
Suppose 5394 = -28*g - g. Let y = 194 + g. What is the greatest common divisor of y and 44?
4
Suppose 5*j - 1761 = -4*z - 0*z, -442 = -z - 3*j. Suppose -19*u - 97 = -z. Let b = -704 + 1046. Calculate the greatest common factor of b and u.
18
Suppose 53 = 5*f - 5*n + 4*n, 2*f = -3*n + 11. Suppose -72*p + 875 = -15*p + 20. What is the highest common factor of f and p?
5
Let t = 3705 + -2782. Calculate the greatest common factor of 39 and t.
13
Suppose -5*v + 3*a - 4942 = -1929, -a - 4 = 0. Let j = 175 - v. Calculate the highest common factor of 78 and j.
78
Let b be 4 + -1 + (-33)/(-1). Let t be ((-3549)/4)/((-492)/328) + 10/4. What is the greatest common factor of b and t?
18
Let v(n) = 89*n**3 + 2*n**2 - 17*n + 6. Let l be v(4). Suppose 47*f - 6319 - l = 0. What is the highest common factor of f and 34?
17
Let u = -54588 + 102695. What is the greatest common divisor of u and 73?
73
Suppose 160 + 390 = 5*s. Suppose 23 - 133 = -5*v - 5*o, 0 = -5*v - 4*o + 108. Calculate the greatest common factor of v and s.
10
Suppose -3*s = 68 + 31. Let f = s - -63. Suppose -78*p + 73*p = -f. What is the greatest common factor of 9 and p?
3
Let f = -6130 - -6361. Let k(w) = -w**2 - 1. Let d be k(-3). Let x = d + 31. Calculate the greatest common factor of f and x.
21
Suppose 2272 = 5*b + l, 15*b = 12*b + l + 1360. Let g = b - 93. Calculate the greatest common divisor of g and 38.
19
Let z(x) = 13*x**3 - 6*x**2 + 130*x - 520. Let b be z(4). What is the highest common factor of b and 299?
23
Suppose -62 - 413 = -z. Suppose -4*i + b + 236 = -155, 4*b = 5*i - z. Let h = 1786 - 1777. Calculate the highest common divisor of h and i.
9
Let p = -609 + 614. Suppose -4*r + 30 = -5*x, -22 = -2*r - 2*r + x. Calculate the greatest common divisor of p and r.
5
Let f be 6598/10 - ((-17)/10 + 462/308). What is the greatest common divisor of f and 462?
66
Let o = 18904 - 18629. Calculate the greatest common factor of 400 and o.
25
Let c(m) = m**3 + 26*m**2 + 26*m + 24. Let b be c(-25). Let z be ((-56)/72)/(b/9). Calculate the highest common factor of 189 and z.
7
Suppose a + 3*a = 600. Suppose 15 = 3*z - a. Let m = z + -40. Calculate the highest common factor of m and 120.
15
Suppose 42*u + 2*y - 4150 = 37*u, 3322 = 4*u + 2*y. What is the highest common factor of u and 8?
4
Suppose 113 = p - 0*p + 5*a, 0 = -3*p - a + 311. Let s = p + -83. Suppose -4*k + 0 = u - 9, 2*u + 6 = 4*k. Calculate the highest common divisor of k and s.
2
Let b be 299/(-2)*(14 - (304 + 14)/3). Calculate the greatest common divisor of b and 69.
23
Let r(u) = -95*u + 699. Let l be r(-4). What is the highest common factor of 13 and l?
13
Suppose 0 = -4*x + 154*s - 153*s + 4, 12 = -3*x + 2*s. Suppose 4*g - 473 = -3*m - 145, -237 = -2*m + g. What is the greatest common factor of m and x?
4
Suppose -83*h + 80*h - 5*o + 62061 = 0, 0 = 5*o. Calculate the highest common factor of 151 and h.
151
Let l be ((-2)/(-3))/(50523/(-3609) - -14). Suppose 5*m + l = 4*b, -25*b - 196 = -26*b - m. Calculate the highest common divisor of b and 88.
22
Suppose -302*n - 1377 = -311*n. What is the highest common factor of n and 126?
9
Suppose -296 = 4*f - 6*f + 2*w, 0 = 3*w - 6. Suppose -18*c + 43*c - f = 0. What is the greatest common factor of c and 2?
2
Suppose 21*z = 15*z + 378. Let k = z - 18. Suppose 6 - 126 = -4*x. Calculate the highest common divisor of k and x.
15
Let x(k) = k**2 - 2*k + 6. Let v be x(2). Let p be ((-16)/2)/(-3*v/81). Calculate the greatest common divisor of 288 and p.
36
Suppose -8*p + 12*p - 4*i - 116 = 0, -4*p = -2*i - 116. Let w be ((-2)/6*2)/(16/(-24)). What is the highest common divisor of w and p?
1
Let q(k) = -14*k + 22. Let w be q(3). Let v be (-10 - 215/w)/((-6)/(-368)). Calculate the greatest common divisor of v and 506.
46
Suppose 4*f + 17*i = 15*i - 2, 3*i = -4*f - 7. Calculate the highest common factor of 1718 and f.
2
Suppose 0 = 22*w - 19*w + 12. Let s be (-5)/(2 + w - -1). What is the greatest common factor of s and 55?
5
Let k be 1 + ((-5)/1 - -19). Suppose x = -2*x - 4*g + 11, -4*x + 18 = 2*g. Calculate the greatest common divisor of k and x.
5
Let z(o) = -o**2 + 235*o - 10117. Let h be z(59). Calculate the greatest common factor of 33 and h.
3
Let i(x) = -6*x - 15. Let j be i(-6). Suppose 2*g - 32 = -3*n, n + 4*g + 20 = 2*n. Suppose -n - 16 = -4*a. Calculate the greatest common factor of a and j.
7
Suppose 12 = 12*t - 0*t. Let d be (1 + t/2)/(90/2400). Suppose -2*f + 10 + d = 0. What is the greatest common divisor of f and 75?
25
Let z be (-19313)/(-267) - ((-6)/(-9))/2. Calculate the highest common divisor of z and 24.
24
Let n be 1056/(-396)*(-156)/32. Let k be 38/(-4)*-2 + 0. Let x = k - 6. Calculate the highest common divisor of x and n.
13
Let q be (14/(-4))/((-6)/(-12)). Let n be (-222)/30 - q - (-93)/(-5). Let v be (249 + n)*4/10. What is the greatest common factor of 4 and v?
4
Let o = 15780 + -15708. Calculate the highest common divisor of 19368 and o.
72
Suppose 0 = -12*m + 256 + 1424. Suppose 0*v = -v, -5*v + 75 = -3*z. Let s be (140/z)/((-3)/15). What is the highest common factor of s and m?
28
Suppose 4*k = 3*w + 288, -w = -5*k + 7*k - 164. What is the greatest common factor of k and 66?
6
Suppose -3*h - 2*f = -50, -3*h - f = -21 - 31. Suppose 0 = -4*u - n + 63, 4*n + 2 = -h. What is the highest common factor of 272 and u?
17
Let z(p) be the second derivative of -17*p**3/3 + 2*p + 35. Let v be z(-9). Calculate the greatest common divisor of v and 34.
34
Let q = 30 + -26. Suppose 5*b - 4 = 7*b, 3*r = -2*b - q. Suppose r*w - 4*v - 10 = -3*w, -3*v - 7 = -2*w. What is the greatest common divisor of w and 6?
2
Let u(f) = -3*f**2 - 86*f - 84. Let r be u(-24). Calculate the greatest common divisor of 684 and r.
36
Let y(v) = 5*v**2 - 727*v + 3636. Let f be y(5). Suppose -1 = -b + 11. What is the highest common factor of b and f?
6
Let d(i) = i**3 - 8*i**2 - 12*i + 8. Let p be (-2 + 13/(-2))*20/(-2). Let w = p + -75. Let j be d(w). What is the greatest common factor of j and 22?
22
Let r = 185 - 185. Suppose 4*x - b + r*b = 1448, -x + 359 = -b. Calculate the highest common factor of x and 33.
33
Suppose -31 = -5*j + 49. Let c = 4 + j. Suppose -5*t - 8 = -t, 0 = f + 4*t - 7. Calculate the highest common factor of c and f.
5
Suppose 0 = 3*b - 10 + 1. Let q = 7 - 5. Suppose 0 = q*f + 3*f + 3*o - 77, 0 = -b*f - 4*o + 55. Calculate the highest common factor of 39 and f.
13
Let q be (2 - 3)*(-3 + 418 + -2). Let i = q - -638. What is the highest common divisor of 25 and i?
25
Suppose -3*j - 97 = -2*s + 83, 0 = 3*j + 12. Suppose -3*y + s = -96. What is the greatest common factor of 48 and y?
12
Let k = 212 - 210. Suppose -5*h + 291 = 2*d + d, -d = -k. What is the highest common factor of h and 57?
57
Suppose 0 = i + 2*o - 11, 0 = -172*i + 168*i + 5*o + 31. Let k be (9/4)/((-6)/(-168)). What is the greatest common factor of i and k?
9
Let g = -94 + 276. Let i(o) = 8*o**2 - 133*o - 37. Let b be i(17). What is the greatest common divisor of g and b?
14
Suppose 5*q - 86 = -26. Let b = 56 + q. Let v = -33 + b. Calculate the greatest common factor of v and 7.
7
Let m be (-8)/22 - (-502005)/539. What is the highest common divisor of 95 and m?
19
Suppose f + 2*m - 79 = -4*f, 2*f = -5*m + 40. Let t be (-4)/(-14) + 156/(-42)*-29. Let a = -48 + t. Calculate the greatest common divisor of a and f.
15
Let x be 164/(-9) + 70/315. Let l be 976 + (x + -3)/3. What is the greatest common factor of 51 and l?
51
Let q = -14 - -18. Suppose -6*v + v = -q*h - 35, 0 = -3*v - h + 4. Let n = 239 + -215. Calculate the highest common factor of v and n.
3
Suppose 2*m - 92 = 44. Let f be (-14)/5*(-2890)/m. Calculate the greatest common divisor of f and 17.
17
Suppose 23*y - 253 + 1453 = 48*y. Calculate the greatest common factor of 1904 and y.
16
Suppose 29*q - 400 = 21*q. Let g be (2/6*-1)/(q/(-4950)). What is the highest common factor of g and 3?
3
Let k(x) = 104*x + 1197. Let z be k(-11). What is the highest common divisor of 3233 and z?
53
Suppose -38*h = -797 - 39. Let z(i) = i**3 + 6*i**2 + 7*i + 8. Le